{"id":264,"date":"2017-11-29T20:50:09","date_gmt":"2017-11-29T20:50:09","guid":{"rendered":"http:\/\/www.ghconcepcion.cl\/?page_id=264"},"modified":"2024-09-21T02:48:35","modified_gmt":"2024-09-21T02:48:35","slug":"_equipo-de-trabajo","status":"publish","type":"page","link":"https:\/\/www.ghconcepcion.cl\/index.php\/_equipo-de-trabajo\/","title":{"rendered":"Equipo Administrativo"},"content":{"rendered":"\t\t<div data-elementor-type=\"wp-page\" data-elementor-id=\"264\" class=\"elementor elementor-264\" data-elementor-post-type=\"page\">\n\t\t\t\t<div class=\"elementor-element elementor-element-6e6823b e-flex e-con-boxed e-con e-parent\" data-id=\"6e6823b\" data-element_type=\"container\" data-e-type=\"container\">\n\t\t\t\t\t<div class=\"e-con-inner\">\n\t\t\t\t<div class=\"elementor-element elementor-element-f862855 elementor-widget elementor-widget-heading\" data-id=\"f862855\" data-element_type=\"widget\" data-e-type=\"widget\" data-widget_type=\"heading.default\">\n\t\t\t\t<div class=\"elementor-widget-container\">\n\t\t\t\t\t<h2 class=\"elementor-heading-title elementor-size-default\">Equipo Administrativo<\/h2>\t\t\t\t<\/div>\n\t\t\t\t<\/div>\n\t\t\t\t<div class=\"elementor-element elementor-element-a792d2c elementor-widget elementor-widget-text-editor\" data-id=\"a792d2c\" data-element_type=\"widget\" data-e-type=\"widget\" data-widget_type=\"text-editor.default\">\n\t\t\t\t<div class=\"elementor-widget-container\">\n\t\t\t\t\t\t\t\t\t<div class=\"column mcb-column mcb-item-5c9f48867 two-fifth laptop-two-fifth tablet-two-fifth mobile-one column_our_team\"><div class=\"mcb-column-inner mfn-module-wrapper mcb-column-inner-5c9f48867 mcb-item-our_team-inner\"><div class=\"team team_vertical\"><div class=\"desc_wrapper clearfix\"><h4 class=\"desc_wrappper_title\">Director:<\/h4><p class=\"subtitle\">Gonzalo Bustos Bustos<\/p><hr class=\"hr_color\" \/><div class=\"desc\"><a href=\"https:\/\/www.ghconcepcion.cl\/index.php\/_equipo-de-trabajo\/#\">gbustos@semco.cl<\/a><\/div><div class=\"links\">\u00a0<\/div><\/div><\/div><\/div><\/div><div class=\"column mcb-column mcb-item-1f324c04f two-fifth laptop-two-fifth tablet-two-fifth mobile-one column_our_team\"><div class=\"mcb-column-inner mfn-module-wrapper mcb-column-inner-1f324c04f mcb-item-our_team-inner\"><div class=\"team team_vertical\"><div class=\"desc_wrapper clearfix\"><h4 class=\"desc_wrappper_title\">Administraci\u00f3n:<\/h4><p class=\"subtitle\">Encargada: Eileen Hermosilla Ba\u00f1ados<\/p><hr class=\"hr_color\" \/><div class=\"desc\"><a href=\"https:\/\/www.ghconcepcion.cl\/index.php\/_equipo-de-trabajo\/#\">galeriahistoriaconcepcion@semco.cl<\/a><\/div><div class=\"links\">\u00a0<\/div><\/div><\/div><\/div><\/div><div class=\"column mcb-column mcb-item-728775bc8 two-fifth laptop-two-fifth tablet-two-fifth mobile-one column_our_team\"><div class=\"mcb-column-inner mfn-module-wrapper mcb-column-inner-728775bc8 mcb-item-our_team-inner\"><div class=\"team team_vertical\"><div class=\"desc_wrapper clearfix\"><h4 class=\"desc_wrappper_title\">Asistente Hist\u00f3rico-cultural y gu\u00eda:<\/h4><p class=\"subtitle\">Encargado: Carlos Le\u00f3n Heredia<\/p><hr class=\"hr_color\" \/><div class=\"desc\"><a href=\"https:\/\/www.ghconcepcion.cl\/index.php\/_equipo-de-trabajo\/#\">visitas@semco.cl<\/a><\/div><div class=\"links\">\u00a0<\/div><\/div><\/div><\/div><\/div><div class=\"column mcb-column mcb-item-5fc3brfbv two-fifth laptop-two-fifth tablet-two-fifth mobile-one column_our_team\"><div class=\"mcb-column-inner mfn-module-wrapper mcb-column-inner-5fc3brfbv mcb-item-our_team-inner\"><div class=\"team team_vertical\"><div class=\"desc_wrapper clearfix\"><h4 class=\"desc_wrappper_title\">Tienda del Museo<\/h4><p class=\"subtitle\">Encargada: Valentina Fern\u00e1ndez Hermosilla<\/p><hr class=\"hr_color\" \/><div class=\"desc\"><a href=\"https:\/\/www.ghconcepcion.cl\/index.php\/_equipo-de-trabajo\/#\">tiendadelmuseo@semco.cl<\/a><\/div><div class=\"links\">\u00a0<\/div><\/div><\/div><\/div><\/div>\t\t\t\t\t\t\t\t<\/div>\n\t\t\t\t<\/div>\n\t\t\t\t\t<\/div>\n\t\t\t\t<\/div>\n\t\t\t\t<\/div>\n\t\t","protected":false},"excerpt":{"rendered":"<p>Equipo Administrativo Director: Gonzalo Bustos Bustos gbustos@semco.cl\u00a0 Administraci\u00f3n: Encargada: Eileen Hermosilla Ba\u00f1ados galeriahistoriaconcepcion@semco.cl\u00a0 Asistente Hist\u00f3rico-cultural y gu\u00eda: Encargado: Carlos Le\u00f3n Heredia visitas@semco.cl\u00a0 Tienda del Museo Encargada: Valentina Fern\u00e1ndez Hermosilla tiendadelmuseo@semco.cl\u00a0<\/p>\n","protected":false},"author":1,"featured_media":0,"parent":0,"menu_order":0,"comment_status":"closed","ping_status":"closed","template":"","meta":{"footnotes":""},"class_list":["post-264","page","type-page","status-publish","hentry"],"_links":{"self":[{"href":"https:\/\/www.ghconcepcion.cl\/index.php\/wp-json\/wp\/v2\/pages\/264","targetHints":{"allow":["GET"]}}],"collection":[{"href":"https:\/\/www.ghconcepcion.cl\/index.php\/wp-json\/wp\/v2\/pages"}],"about":[{"href":"https:\/\/www.ghconcepcion.cl\/index.php\/wp-json\/wp\/v2\/types\/page"}],"author":[{"embeddable":true,"href":"https:\/\/www.ghconcepcion.cl\/index.php\/wp-json\/wp\/v2\/users\/1"}],"replies":[{"embeddable":true,"href":"https:\/\/www.ghconcepcion.cl\/index.php\/wp-json\/wp\/v2\/comments?post=264"}],"version-history":[{"count":6,"href":"https:\/\/www.ghconcepcion.cl\/index.php\/wp-json\/wp\/v2\/pages\/264\/revisions"}],"predecessor-version":[{"id":3709,"href":"https:\/\/www.ghconcepcion.cl\/index.php\/wp-json\/wp\/v2\/pages\/264\/revisions\/3709"}],"wp:attachment":[{"href":"https:\/\/www.ghconcepcion.cl\/index.php\/wp-json\/wp\/v2\/media?parent=264"}],"curies":[{"name":"wp","href":"https:\/\/api.w.org\/{rel}","templated":true}]}}

<div data-elementor-type="wp-page" data-elementor-id="264" class="elementor elementor-264" data-elementor-post-type="page">
				<div class="elementor-element elementor-element-6e6823b e-flex e-con-boxed e-con e-parent" data-id="6e6823b" data-element_type="container" data-e-type="container">
					<div class="e-con-inner">
				<div class="elementor-element elementor-element-f862855 elementor-widget elementor-widget-heading" data-id="f862855" data-element_type="widget" data-e-type="widget" data-widget_type="heading.default">
				<div class="elementor-widget-container">
					<h2 class="elementor-heading-title elementor-size-default">Equipo Administrativo</h2>				</div>
				</div>
				<div class="elementor-element elementor-element-a792d2c elementor-widget elementor-widget-text-editor" data-id="a792d2c" data-element_type="widget" data-e-type="widget" data-widget_type="text-editor.default">
				<div class="elementor-widget-container">
									<div class="column mcb-column mcb-item-5c9f48867 two-fifth laptop-two-fifth tablet-two-fifth mobile-one column_our_team"><div class="mcb-column-inner mfn-module-wrapper mcb-column-inner-5c9f48867 mcb-item-our_team-inner"><div class="team team_vertical"><div class="desc_wrapper clearfix"><h4 class="desc_wrappper_title">Director:</h4><p class="subtitle">Gonzalo Bustos Bustos</p><hr class="hr_color" /><div class="desc"><a href="https://www.ghconcepcion.cl/index.php/_equipo-de-trabajo/#">gbustos@semco.cl</a></div><div class="links"> </div></div></div></div></div><div class="column mcb-column mcb-item-1f324c04f two-fifth laptop-two-fifth tablet-two-fifth mobile-one column_our_team"><div class="mcb-column-inner mfn-module-wrapper mcb-column-inner-1f324c04f mcb-item-our_team-inner"><div class="team team_vertical"><div class="desc_wrapper clearfix"><h4 class="desc_wrappper_title">Administración:</h4><p class="subtitle">Encargada: Eileen Hermosilla Bañados</p><hr class="hr_color" /><div class="desc"><a href="https://www.ghconcepcion.cl/index.php/_equipo-de-trabajo/#">galeriahistoriaconcepcion@semco.cl</a></div><div class="links"> </div></div></div></div></div><div class="column mcb-column mcb-item-728775bc8 two-fifth laptop-two-fifth tablet-two-fifth mobile-one column_our_team"><div class="mcb-column-inner mfn-module-wrapper mcb-column-inner-728775bc8 mcb-item-our_team-inner"><div class="team team_vertical"><div class="desc_wrapper clearfix"><h4 class="desc_wrappper_title">Asistente Histórico-cultural y guía:</h4><p class="subtitle">Encargado: Carlos León Heredia</p><hr class="hr_color" /><div class="desc"><a href="https://www.ghconcepcion.cl/index.php/_equipo-de-trabajo/#">visitas@semco.cl</a></div><div class="links"> </div></div></div></div></div><div class="column mcb-column mcb-item-5fc3brfbv two-fifth laptop-two-fifth tablet-two-fifth mobile-one column_our_team"><div class="mcb-column-inner mfn-module-wrapper mcb-column-inner-5fc3brfbv mcb-item-our_team-inner"><div class="team team_vertical"><div class="desc_wrapper clearfix"><h4 class="desc_wrappper_title">Tienda del Museo</h4><p class="subtitle">Encargada: Valentina Fernández Hermosilla</p><hr class="hr_color" /><div class="desc"><a href="https://www.ghconcepcion.cl/index.php/_equipo-de-trabajo/#">tiendadelmuseo@semco.cl</a></div><div class="links"> </div></div></div></div></div>								</div>
				</div>
					</div>
				</div>
				</div>

<p>Equipo Administrativo Director: Gonzalo Bustos Bustos gbustos@semco.cl  Administración: Encargada: Eileen Hermosilla Bañados galeriahistoriaconcepcion@semco.cl  Asistente Histórico-cultural y guía: Encargado: Carlos León Heredia visitas@semco.cl  Tienda del Museo Encargada: Valentina Fernández Hermosilla tiendadelmuseo@semco.cl </p>
