{"id":345,"date":"2017-12-04T02:15:52","date_gmt":"2017-12-04T02:15:52","guid":{"rendered":"http:\/\/www.ghconcepcion.cl\/?page_id=345"},"modified":"2024-09-21T02:02:42","modified_gmt":"2024-09-21T02:02:42","slug":"visita-guiada","status":"publish","type":"page","link":"https:\/\/www.ghconcepcion.cl\/index.php\/visita-guiada\/","title":{"rendered":"Grupales Guiada"},"content":{"rendered":"\t\t<div data-elementor-type=\"wp-page\" data-elementor-id=\"345\" class=\"elementor elementor-345\" data-elementor-post-type=\"page\">\n\t\t\t\t<div class=\"elementor-element elementor-element-5023465 e-flex e-con-boxed e-con e-parent\" data-id=\"5023465\" data-element_type=\"container\" data-e-type=\"container\">\n\t\t\t\t\t<div class=\"e-con-inner\">\n\t\t\t\t<div class=\"elementor-element elementor-element-baa6969 elementor-widget elementor-widget-heading\" data-id=\"baa6969\" data-element_type=\"widget\" data-e-type=\"widget\" data-widget_type=\"heading.default\">\n\t\t\t\t<div class=\"elementor-widget-container\">\n\t\t\t\t\t<h2 class=\"elementor-heading-title elementor-size-default\">Grupales Gu\u00edadas<\/h2>\t\t\t\t<\/div>\n\t\t\t\t<\/div>\n\t\t\t\t<div class=\"elementor-element elementor-element-d2f8f0c elementor-widget elementor-widget-image\" data-id=\"d2f8f0c\" data-element_type=\"widget\" data-e-type=\"widget\" data-widget_type=\"image.default\">\n\t\t\t\t<div class=\"elementor-widget-container\">\n\t\t\t\t\t\t\t\t\t\t\t\t\t\t\t<img fetchpriority=\"high\" decoding=\"async\" width=\"800\" height=\"601\" src=\"https:\/\/www.ghconcepcion.cl\/wp-content\/uploads\/2022\/04\/276203052_4885281928246660_3021034131529588993_n-1-1024x769.jpg\" class=\"attachment-large size-large wp-image-2764\" alt=\"\" srcset=\"https:\/\/www.ghconcepcion.cl\/wp-content\/uploads\/2022\/04\/276203052_4885281928246660_3021034131529588993_n-1-1024x769.jpg 1024w, https:\/\/www.ghconcepcion.cl\/wp-content\/uploads\/2022\/04\/276203052_4885281928246660_3021034131529588993_n-1-400x300.jpg 400w, https:\/\/www.ghconcepcion.cl\/wp-content\/uploads\/2022\/04\/276203052_4885281928246660_3021034131529588993_n-1-768x576.jpg 768w, https:\/\/www.ghconcepcion.cl\/wp-content\/uploads\/2022\/04\/276203052_4885281928246660_3021034131529588993_n-1-1536x1153.jpg 1536w, https:\/\/www.ghconcepcion.cl\/wp-content\/uploads\/2022\/04\/276203052_4885281928246660_3021034131529588993_n-1-195x146.jpg 195w, https:\/\/www.ghconcepcion.cl\/wp-content\/uploads\/2022\/04\/276203052_4885281928246660_3021034131529588993_n-1-50x38.jpg 50w, https:\/\/www.ghconcepcion.cl\/wp-content\/uploads\/2022\/04\/276203052_4885281928246660_3021034131529588993_n-1-100x75.jpg 100w, https:\/\/www.ghconcepcion.cl\/wp-content\/uploads\/2022\/04\/276203052_4885281928246660_3021034131529588993_n-1.jpg 1600w\" sizes=\"(max-width: 800px) 100vw, 800px\" \/>\t\t\t\t\t\t\t\t\t\t\t\t\t\t\t<\/div>\n\t\t\t\t<\/div>\n\t\t\t\t<div class=\"elementor-element elementor-element-156bfa6 elementor-widget elementor-widget-text-editor\" data-id=\"156bfa6\" data-element_type=\"widget\" data-e-type=\"widget\" data-widget_type=\"text-editor.default\">\n\t\t\t\t<div class=\"elementor-widget-container\">\n\t\t\t\t\t\t\t\t\t<h4 class=\"desc_wrappper_title\">S\u00ed necesita reserva<\/h4><div class=\"desc\"><p align=\"justify\">Galer\u00eda de la Historia de Concepci\u00f3n invita a colegios, instituciones, familias y grupos organizados a que puedan agendar una visita guiada por nuestros expertos en historia regional.<br \/><br \/>La visita comprende una charla educativa acerca de nuestras colecciones: \u201cDioramas de Zerreitug\u201d, \u201cMuestra Mapuche\u201d, \u201cConcepci\u00f3n en la Guerra del Pac\u00edfico\u201d, \u201cBiob\u00edo, cultura y sociedad\u201d y \u201cCer\u00e1mica patrimonial del Biob\u00edo\u201d. Esta actividad busca posibilitarse como un apoyo pedag\u00f3gico al sistema escolar y una actividad cultural que pone en valor la historia regional.<\/p><h6><b>Reservas y confirmaciones:<\/b><\/h6>Para coordinar estas visitas grupales guiadas, contactarse al mail visitas@semco.cl o al tel\u00e9fono +56 9 5817 3140.<p>\u00a0<\/p><a href=\"https:\/\/www.ghconcepcion.cl\/wp-content\/uploads\/2024\/06\/Ficha-Estandar-Visita-Guiada-2024-1.docx\"><u><i>Descargar Ficha de Inscripci\u00f3n<\/i><\/u><\/a><\/div>\t\t\t\t\t\t\t\t<\/div>\n\t\t\t\t<\/div>\n\t\t\t\t\t<\/div>\n\t\t\t\t<\/div>\n\t\t\t\t<\/div>\n\t\t","protected":false},"excerpt":{"rendered":"<p>Grupales Gu\u00edadas S\u00ed necesita reserva Galer\u00eda de la Historia de Concepci\u00f3n invita a colegios, instituciones, familias y grupos organizados a que puedan agendar una visita guiada por nuestros expertos en historia regional. La visita comprende una charla educativa acerca de nuestras colecciones: \u201cDioramas de Zerreitug\u201d, \u201cMuestra Mapuche\u201d, \u201cConcepci\u00f3n en la Guerra del Pac\u00edfico\u201d, \u201cBiob\u00edo, cultura [&hellip;]<\/p>\n","protected":false},"author":1,"featured_media":0,"parent":0,"menu_order":0,"comment_status":"closed","ping_status":"closed","template":"","meta":{"footnotes":""},"class_list":["post-345","page","type-page","status-publish","hentry"],"_links":{"self":[{"href":"https:\/\/www.ghconcepcion.cl\/index.php\/wp-json\/wp\/v2\/pages\/345","targetHints":{"allow":["GET"]}}],"collection":[{"href":"https:\/\/www.ghconcepcion.cl\/index.php\/wp-json\/wp\/v2\/pages"}],"about":[{"href":"https:\/\/www.ghconcepcion.cl\/index.php\/wp-json\/wp\/v2\/types\/page"}],"author":[{"embeddable":true,"href":"https:\/\/www.ghconcepcion.cl\/index.php\/wp-json\/wp\/v2\/users\/1"}],"replies":[{"embeddable":true,"href":"https:\/\/www.ghconcepcion.cl\/index.php\/wp-json\/wp\/v2\/comments?post=345"}],"version-history":[{"count":6,"href":"https:\/\/www.ghconcepcion.cl\/index.php\/wp-json\/wp\/v2\/pages\/345\/revisions"}],"predecessor-version":[{"id":3697,"href":"https:\/\/www.ghconcepcion.cl\/index.php\/wp-json\/wp\/v2\/pages\/345\/revisions\/3697"}],"wp:attachment":[{"href":"https:\/\/www.ghconcepcion.cl\/index.php\/wp-json\/wp\/v2\/media?parent=345"}],"curies":[{"name":"wp","href":"https:\/\/api.w.org\/{rel}","templated":true}]}}

<div data-elementor-type="wp-page" data-elementor-id="345" class="elementor elementor-345" data-elementor-post-type="page">
				<div class="elementor-element elementor-element-5023465 e-flex e-con-boxed e-con e-parent" data-id="5023465" data-element_type="container" data-e-type="container">
					<div class="e-con-inner">
				<div class="elementor-element elementor-element-baa6969 elementor-widget elementor-widget-heading" data-id="baa6969" data-element_type="widget" data-e-type="widget" data-widget_type="heading.default">
				<div class="elementor-widget-container">
					<h2 class="elementor-heading-title elementor-size-default">Grupales Guíadas</h2>				</div>
				</div>
				<div class="elementor-element elementor-element-d2f8f0c elementor-widget elementor-widget-image" data-id="d2f8f0c" data-element_type="widget" data-e-type="widget" data-widget_type="image.default">
				<div class="elementor-widget-container">
															<img fetchpriority="high" decoding="async" width="800" height="601" src="https://www.ghconcepcion.cl/wp-content/uploads/2022/04/276203052_4885281928246660_3021034131529588993_n-1-1024x769.jpg" class="attachment-large size-large wp-image-2764" alt="" srcset="https://www.ghconcepcion.cl/wp-content/uploads/2022/04/276203052_4885281928246660_3021034131529588993_n-1-1024x769.jpg 1024w, https://www.ghconcepcion.cl/wp-content/uploads/2022/04/276203052_4885281928246660_3021034131529588993_n-1-400x300.jpg 400w, https://www.ghconcepcion.cl/wp-content/uploads/2022/04/276203052_4885281928246660_3021034131529588993_n-1-768x576.jpg 768w, https://www.ghconcepcion.cl/wp-content/uploads/2022/04/276203052_4885281928246660_3021034131529588993_n-1-1536x1153.jpg 1536w, https://www.ghconcepcion.cl/wp-content/uploads/2022/04/276203052_4885281928246660_3021034131529588993_n-1-195x146.jpg 195w, https://www.ghconcepcion.cl/wp-content/uploads/2022/04/276203052_4885281928246660_3021034131529588993_n-1-50x38.jpg 50w, https://www.ghconcepcion.cl/wp-content/uploads/2022/04/276203052_4885281928246660_3021034131529588993_n-1-100x75.jpg 100w, https://www.ghconcepcion.cl/wp-content/uploads/2022/04/276203052_4885281928246660_3021034131529588993_n-1.jpg 1600w" sizes="(max-width: 800px) 100vw, 800px" />															</div>
				</div>
				<div class="elementor-element elementor-element-156bfa6 elementor-widget elementor-widget-text-editor" data-id="156bfa6" data-element_type="widget" data-e-type="widget" data-widget_type="text-editor.default">
				<div class="elementor-widget-container">
									<h4 class="desc_wrappper_title">Sí necesita reserva</h4><div class="desc"><p align="justify">Galería de la Historia de Concepción invita a colegios, instituciones, familias y grupos organizados a que puedan agendar una visita guiada por nuestros expertos en historia regional.<br /><br />La visita comprende una charla educativa acerca de nuestras colecciones: “Dioramas de Zerreitug”, “Muestra Mapuche”, “Concepción en la Guerra del Pacífico”, “Biobío, cultura y sociedad” y “Cerámica patrimonial del Biobío”. Esta actividad busca posibilitarse como un apoyo pedagógico al sistema escolar y una actividad cultural que pone en valor la historia regional.</p><h6><b>Reservas y confirmaciones:</b></h6>Para coordinar estas visitas grupales guiadas, contactarse al mail visitas@semco.cl o al teléfono +56 9 5817 3140.<p> </p><a href="https://www.ghconcepcion.cl/wp-content/uploads/2024/06/Ficha-Estandar-Visita-Guiada-2024-1.docx"><u><i>Descargar Ficha de Inscripción</i></u></a></div>								</div>
				</div>
					</div>
				</div>
				</div>

<p>Grupales Guíadas Sí necesita reserva Galería de la Historia de Concepción invita a colegios, instituciones, familias y grupos organizados a que puedan agendar una visita guiada por nuestros expertos en historia regional. La visita comprende una charla educativa acerca de nuestras colecciones: “Dioramas de Zerreitug”, “Muestra Mapuche”, “Concepción en la Guerra del Pacífico”, “Biobío, cultura [&hellip;]</p>
