{"id":93,"date":"2017-11-11T14:20:15","date_gmt":"2017-11-11T14:20:15","guid":{"rendered":"http:\/\/www.ghconcepcion.cl\/?page_id=93"},"modified":"2024-09-21T02:44:57","modified_gmt":"2024-09-21T02:44:57","slug":"saludo-del-director","status":"publish","type":"page","link":"https:\/\/www.ghconcepcion.cl\/index.php\/saludo-del-director\/","title":{"rendered":"Saludo del Director"},"content":{"rendered":"\t\t<div data-elementor-type=\"wp-page\" data-elementor-id=\"93\" class=\"elementor elementor-93\" data-elementor-post-type=\"page\">\n\t\t\t\t<div class=\"elementor-element elementor-element-d75c495 e-flex e-con-boxed e-con e-parent\" data-id=\"d75c495\" data-element_type=\"container\" data-e-type=\"container\">\n\t\t\t\t\t<div class=\"e-con-inner\">\n\t\t<div class=\"elementor-element elementor-element-2dd2972 e-con-full e-flex e-con e-child\" data-id=\"2dd2972\" data-element_type=\"container\" data-e-type=\"container\">\n\t\t\t\t<div class=\"elementor-element elementor-element-7c561c1 elementor-widget elementor-widget-image\" data-id=\"7c561c1\" data-element_type=\"widget\" data-e-type=\"widget\" data-widget_type=\"image.default\">\n\t\t\t\t<div class=\"elementor-widget-container\">\n\t\t\t\t\t\t\t\t\t\t\t\t\t\t\t<img fetchpriority=\"high\" decoding=\"async\" width=\"800\" height=\"728\" src=\"https:\/\/www.ghconcepcion.cl\/wp-content\/uploads\/2022\/04\/FOTO-DIRECTOR-1024x932.png\" class=\"attachment-large size-large wp-image-2759\" alt=\"\" srcset=\"https:\/\/www.ghconcepcion.cl\/wp-content\/uploads\/2022\/04\/FOTO-DIRECTOR-1024x932.png 1024w, https:\/\/www.ghconcepcion.cl\/wp-content\/uploads\/2022\/04\/FOTO-DIRECTOR-400x364.png 400w, https:\/\/www.ghconcepcion.cl\/wp-content\/uploads\/2022\/04\/FOTO-DIRECTOR-768x699.png 768w, https:\/\/www.ghconcepcion.cl\/wp-content\/uploads\/2022\/04\/FOTO-DIRECTOR-1536x1398.png 1536w, https:\/\/www.ghconcepcion.cl\/wp-content\/uploads\/2022\/04\/FOTO-DIRECTOR-160x146.png 160w, https:\/\/www.ghconcepcion.cl\/wp-content\/uploads\/2022\/04\/FOTO-DIRECTOR-50x46.png 50w, https:\/\/www.ghconcepcion.cl\/wp-content\/uploads\/2022\/04\/FOTO-DIRECTOR-82x75.png 82w, https:\/\/www.ghconcepcion.cl\/wp-content\/uploads\/2022\/04\/FOTO-DIRECTOR.png 2031w\" sizes=\"(max-width: 800px) 100vw, 800px\" \/>\t\t\t\t\t\t\t\t\t\t\t\t\t\t\t<\/div>\n\t\t\t\t<\/div>\n\t\t\t\t<\/div>\n\t\t<div class=\"elementor-element elementor-element-ab2fb8a e-con-full e-flex e-con e-child\" data-id=\"ab2fb8a\" data-element_type=\"container\" data-e-type=\"container\">\n\t\t\t\t<div class=\"elementor-element elementor-element-6f78609 elementor-widget elementor-widget-heading\" data-id=\"6f78609\" data-element_type=\"widget\" data-e-type=\"widget\" data-widget_type=\"heading.default\">\n\t\t\t\t<div class=\"elementor-widget-container\">\n\t\t\t\t\t<h2 class=\"elementor-heading-title elementor-size-default\">Saludo del Director<\/h2>\t\t\t\t<\/div>\n\t\t\t\t<\/div>\n\t\t\t\t<div class=\"elementor-element elementor-element-b432c24 elementor-widget elementor-widget-text-editor\" data-id=\"b432c24\" data-element_type=\"widget\" data-e-type=\"widget\" data-widget_type=\"text-editor.default\">\n\t\t\t\t<div class=\"elementor-widget-container\">\n\t\t\t\t\t\t\t\t\t<p>\u00a0\u00a0Bienvenidos a la nueva \u201cGaler\u00eda de la Historia de Concepci\u00f3n\u201d, que ahora recibe a la familia penquista y los turistas transformada en un centro cultural, donde confluyen la historia, el patrimonio, las artes, la gastronom\u00eda y el ocio. \u00a0\u00a0Para esto, en 2015 iniciamos un proceso de modernizaci\u00f3n, que signific\u00f3 la restauraci\u00f3n de nuestra muestra principal de 16 dioramas que dan cuenta de la historia de Concepci\u00f3n, la instalaci\u00f3n de nueva iluminaci\u00f3n y se\u00f1al\u00e9ticas, adem\u00e1s de la incorporaci\u00f3n de pantallas led, proyectores multimedia. A ello se sum\u00f3 la renovaci\u00f3n de pisos y paredes, y la construcci\u00f3n de nuevos ba\u00f1os para p\u00fablico.<br \/><br \/>\u00a0\u00a0\u00a0\u00a0\u00a0Mientras que en 2016, en el segundo nivel de este museo se inauguraron nuevos espacios museogr\u00e1ficos, que acogen dos interesantes exposiciones permanentes: la muestra \u201cBiob\u00edo, Cultura y Sociedad\u201d y la muestra \u201cCer\u00e1mica Regional del Biob\u00edo\u201d. Adem\u00e1s, como una manera de fortalecer nuestra vocaci\u00f3n tur\u00edstica y cultural dimos vida a la \u201cTienda del Museo\u201d de la Galer\u00eda de la Historia de Concepci\u00f3n, que tiene por misi\u00f3n la producci\u00f3n y comercializaci\u00f3n de objetos memoriales y souvenirs relacionados con la historia y el patrimonio de Concepci\u00f3n y sus alrededores.<br \/><br \/>\u00a0\u00a0\u00a0En tanto que en 2017, destac\u00f3 la inauguraci\u00f3n de la \u201cPlaza de la Historia\u201d y el \u201cCaf\u00e9 de la Historia\u201d, nuevos espacios que nos han permitido transformarnos en uno de los principales atractivos tur\u00edsticos de la ciudad.<br \/><br \/>\u00a0\u00a0\u00a0Mientras que, en 2018, 40 mil visitantes pudieron disfrutar de nuestro museo, y conocer el nuevo diorama \u201cConcepci\u00f3n, ciudad de la Independencia\u201d, junto con los nuevos audios explicativos de nuestra colecci\u00f3n de dioramas en cuatro idiomas (Mapudungun, Creole, Chino Mandar\u00edn e Ingl\u00e9s), los que son descargables por medio de c\u00f3digos QR.<br \/><br \/>\u00a0\u00a0Visite la Galer\u00eda de la Historia de Concepci\u00f3n. Los esperamos.<br \/><i><b><br \/>Gonzalo Bustos Bustos<br \/>Director<br \/>Galer\u00eda de la Historia de Concepci\u00f3n<\/b><\/i><\/p>\t\t\t\t\t\t\t\t<\/div>\n\t\t\t\t<\/div>\n\t\t\t\t<\/div>\n\t\t\t\t\t<\/div>\n\t\t\t\t<\/div>\n\t\t\t\t<\/div>\n\t\t","protected":false},"excerpt":{"rendered":"<p>Saludo del Director \u00a0\u00a0Bienvenidos a la nueva \u201cGaler\u00eda de la Historia de Concepci\u00f3n\u201d, que ahora recibe a la familia penquista y los turistas transformada en un centro cultural, donde confluyen la historia, el patrimonio, las artes, la gastronom\u00eda y el ocio. \u00a0\u00a0Para esto, en 2015 iniciamos un proceso de modernizaci\u00f3n, que signific\u00f3 la restauraci\u00f3n de [&hellip;]<\/p>\n","protected":false},"author":1,"featured_media":0,"parent":0,"menu_order":0,"comment_status":"closed","ping_status":"closed","template":"","meta":{"footnotes":""},"class_list":["post-93","page","type-page","status-publish","hentry"],"_links":{"self":[{"href":"https:\/\/www.ghconcepcion.cl\/index.php\/wp-json\/wp\/v2\/pages\/93","targetHints":{"allow":["GET"]}}],"collection":[{"href":"https:\/\/www.ghconcepcion.cl\/index.php\/wp-json\/wp\/v2\/pages"}],"about":[{"href":"https:\/\/www.ghconcepcion.cl\/index.php\/wp-json\/wp\/v2\/types\/page"}],"author":[{"embeddable":true,"href":"https:\/\/www.ghconcepcion.cl\/index.php\/wp-json\/wp\/v2\/users\/1"}],"replies":[{"embeddable":true,"href":"https:\/\/www.ghconcepcion.cl\/index.php\/wp-json\/wp\/v2\/comments?post=93"}],"version-history":[{"count":6,"href":"https:\/\/www.ghconcepcion.cl\/index.php\/wp-json\/wp\/v2\/pages\/93\/revisions"}],"predecessor-version":[{"id":3706,"href":"https:\/\/www.ghconcepcion.cl\/index.php\/wp-json\/wp\/v2\/pages\/93\/revisions\/3706"}],"wp:attachment":[{"href":"https:\/\/www.ghconcepcion.cl\/index.php\/wp-json\/wp\/v2\/media?parent=93"}],"curies":[{"name":"wp","href":"https:\/\/api.w.org\/{rel}","templated":true}]}}

<div data-elementor-type="wp-page" data-elementor-id="93" class="elementor elementor-93" data-elementor-post-type="page">
				<div class="elementor-element elementor-element-d75c495 e-flex e-con-boxed e-con e-parent" data-id="d75c495" data-element_type="container" data-e-type="container">
					<div class="e-con-inner">
		<div class="elementor-element elementor-element-2dd2972 e-con-full e-flex e-con e-child" data-id="2dd2972" data-element_type="container" data-e-type="container">
				<div class="elementor-element elementor-element-7c561c1 elementor-widget elementor-widget-image" data-id="7c561c1" data-element_type="widget" data-e-type="widget" data-widget_type="image.default">
				<div class="elementor-widget-container">
															<img fetchpriority="high" decoding="async" width="800" height="728" src="https://www.ghconcepcion.cl/wp-content/uploads/2022/04/FOTO-DIRECTOR-1024x932.png" class="attachment-large size-large wp-image-2759" alt="" srcset="https://www.ghconcepcion.cl/wp-content/uploads/2022/04/FOTO-DIRECTOR-1024x932.png 1024w, https://www.ghconcepcion.cl/wp-content/uploads/2022/04/FOTO-DIRECTOR-400x364.png 400w, https://www.ghconcepcion.cl/wp-content/uploads/2022/04/FOTO-DIRECTOR-768x699.png 768w, https://www.ghconcepcion.cl/wp-content/uploads/2022/04/FOTO-DIRECTOR-1536x1398.png 1536w, https://www.ghconcepcion.cl/wp-content/uploads/2022/04/FOTO-DIRECTOR-160x146.png 160w, https://www.ghconcepcion.cl/wp-content/uploads/2022/04/FOTO-DIRECTOR-50x46.png 50w, https://www.ghconcepcion.cl/wp-content/uploads/2022/04/FOTO-DIRECTOR-82x75.png 82w, https://www.ghconcepcion.cl/wp-content/uploads/2022/04/FOTO-DIRECTOR.png 2031w" sizes="(max-width: 800px) 100vw, 800px" />															</div>
				</div>
				</div>
		<div class="elementor-element elementor-element-ab2fb8a e-con-full e-flex e-con e-child" data-id="ab2fb8a" data-element_type="container" data-e-type="container">
				<div class="elementor-element elementor-element-6f78609 elementor-widget elementor-widget-heading" data-id="6f78609" data-element_type="widget" data-e-type="widget" data-widget_type="heading.default">
				<div class="elementor-widget-container">
					<h2 class="elementor-heading-title elementor-size-default">Saludo del Director</h2>				</div>
				</div>
				<div class="elementor-element elementor-element-b432c24 elementor-widget elementor-widget-text-editor" data-id="b432c24" data-element_type="widget" data-e-type="widget" data-widget_type="text-editor.default">
				<div class="elementor-widget-container">
									<p>  Bienvenidos a la nueva “Galería de la Historia de Concepción”, que ahora recibe a la familia penquista y los turistas transformada en un centro cultural, donde confluyen la historia, el patrimonio, las artes, la gastronomía y el ocio.   Para esto, en 2015 iniciamos un proceso de modernización, que significó la restauración de nuestra muestra principal de 16 dioramas que dan cuenta de la historia de Concepción, la instalación de nueva iluminación y señaléticas, además de la incorporación de pantallas led, proyectores multimedia. A ello se sumó la renovación de pisos y paredes, y la construcción de nuevos baños para público.<br /><br />     Mientras que en 2016, en el segundo nivel de este museo se inauguraron nuevos espacios museográficos, que acogen dos interesantes exposiciones permanentes: la muestra “Biobío, Cultura y Sociedad” y la muestra “Cerámica Regional del Biobío”. Además, como una manera de fortalecer nuestra vocación turística y cultural dimos vida a la “Tienda del Museo” de la Galería de la Historia de Concepción, que tiene por misión la producción y comercialización de objetos memoriales y souvenirs relacionados con la historia y el patrimonio de Concepción y sus alrededores.<br /><br />   En tanto que en 2017, destacó la inauguración de la “Plaza de la Historia” y el “Café de la Historia”, nuevos espacios que nos han permitido transformarnos en uno de los principales atractivos turísticos de la ciudad.<br /><br />   Mientras que, en 2018, 40 mil visitantes pudieron disfrutar de nuestro museo, y conocer el nuevo diorama “Concepción, ciudad de la Independencia”, junto con los nuevos audios explicativos de nuestra colección de dioramas en cuatro idiomas (Mapudungun, Creole, Chino Mandarín e Inglés), los que son descargables por medio de códigos QR.<br /><br />  Visite la Galería de la Historia de Concepción. Los esperamos.<br /><i><b><br />Gonzalo Bustos Bustos<br />Director<br />Galería de la Historia de Concepción</b></i></p>								</div>
				</div>
				</div>
					</div>
				</div>
				</div>

<p>Saludo del Director   Bienvenidos a la nueva “Galería de la Historia de Concepción”, que ahora recibe a la familia penquista y los turistas transformada en un centro cultural, donde confluyen la historia, el patrimonio, las artes, la gastronomía y el ocio.   Para esto, en 2015 iniciamos un proceso de modernización, que significó la restauración de [&hellip;]</p>
